{"id":144,"date":"2013-12-21T22:55:03","date_gmt":"2013-12-21T20:55:03","guid":{"rendered":"http:\/\/dawastlbua.at\/?page_id=144"},"modified":"2017-08-06T17:49:53","modified_gmt":"2017-08-06T16:49:53","slug":"panoramen","status":"publish","type":"page","link":"https:\/\/bertolucci-staging.lima-city.de\/?page_id=144","title":{"rendered":"Panoramen"},"content":{"rendered":"<p>Das Wort &#8222;Panorama&#8220; kommt aus dem Griechischen und bedeutet soviel wie Rundblick oder Rundsicht. Um ein Pano zu erstellen und anschlie\u00dfend auszuarbeiten bedarf es einiger Vorarbeiten. Nat\u00fcrlich ein guter Platz, ein stabiles Stativ, eventuell ein Panoramakopf, Software und nat\u00fcrlich eine Kamera. Ich hatte immer das Problem alle diese vielen Berge nicht zu kennen ( au\u00dfer Panhofer Bernhard ), und dabei haben wir eine ideale Lage mit freier Sicht auf:\u00a0\u00a0 Ennstaler Alpen, Totes Gebirge, Dachsteingebirge\u00a0sowie H\u00f6llengebirge und Berchtesgadener Alpen. Nach langem St\u00f6bern wie ich denn die Bezeichnung der Berge genau definieren kann stie\u00df ich auf folgende Homepage: <strong><span style=\"color: #00ccff;\">http:\/\/www.wizis-und-brandis-bergwelt.com\/<\/span>\u00a0 <\/strong>Unbedingt st\u00f6bern, aber Achtung: Suchtgefahr!<\/p>\n<p>Und genau auf jener Homepage befindet sich ein sogenannter Panoramarechner des Deutschen Dr. Ulrich Deuschle:\u00a0 <span style=\"color: #00ccff;\"><strong>http:\/\/www.udeuschle.de\/Panoramen.html<\/strong><\/span> Ich habs probiert und es ist einfach genial. Ich werde hier weiter unten zu einem Pano das erstellte Gipfelbild dazuladen. Gut Licht!<\/p>\n<div id=\"attachment_193\" style=\"width: 530px\" class=\"wp-caption alignleft\"><a href=\"http:\/\/bertolucci.lima-city.de\/wp-content\/uploads\/2013\/12\/Pano_H\u00f6llengebirge.jpg\"><img aria-describedby=\"caption-attachment-193\" loading=\"lazy\" class=\" wp-image-193\" title=\"Ein neuer Tag erwacht\" src=\"http:\/\/bertolucci.lima-city.de\/wp-content\/uploads\/2013\/12\/Pano_H\u00f6llengebirge-1024x238.jpg\" alt=\"Panorama H\u00f6llengebirge\" width=\"520\" height=\"120\" srcset=\"https:\/\/bertolucci-staging.lima-city.de\/wp-content\/uploads\/2013\/12\/Pano_H\u00f6llengebirge-1024x238.jpg 1024w, https:\/\/bertolucci-staging.lima-city.de\/wp-content\/uploads\/2013\/12\/Pano_H\u00f6llengebirge-300x69.jpg 300w\" sizes=\"(max-width: 520px) 100vw, 520px\" \/><\/a><p id=\"caption-attachment-193\" class=\"wp-caption-text\">F\u00f6hn am 22. Dez. 2013, Blick vom Fasanweg ins Tote- u. H\u00f6llengebirge<\/p><\/div>\n<div id=\"attachment_448\" style=\"width: 530px\" class=\"wp-caption alignright\"><a href=\"http:\/\/bertolucci.lima-city.de\/wp-content\/uploads\/2013\/12\/2012-12-30_H\u00f6llengebirge_Pano_003.jpg\"><img aria-describedby=\"caption-attachment-448\" loading=\"lazy\" class=\"wp-image-448 size-large\" src=\"http:\/\/bertolucci.lima-city.de\/wp-content\/uploads\/2013\/12\/2012-12-30_H\u00f6llengebirge_Pano_003-1024x306.jpg\" alt=\"2012-12-30_H\u00f6llengebirge_Pano_003\" width=\"520\" height=\"155\" srcset=\"https:\/\/bertolucci-staging.lima-city.de\/wp-content\/uploads\/2013\/12\/2012-12-30_H\u00f6llengebirge_Pano_003-1024x306.jpg 1024w, https:\/\/bertolucci-staging.lima-city.de\/wp-content\/uploads\/2013\/12\/2012-12-30_H\u00f6llengebirge_Pano_003-300x90.jpg 300w\" sizes=\"(max-width: 520px) 100vw, 520px\" \/><\/a><p id=\"caption-attachment-448\" class=\"wp-caption-text\">Blick vom Brunner \u00fcber Hub ins Tote Gebirge &#8211; 30. Dez. 2012<\/p><\/div>\n<p>&nbsp;<\/p>\n<p>&nbsp;<\/p>\n<p>&nbsp;<\/p>\n<p>&nbsp;<\/p>\n<p>&nbsp;<\/p>\n<p>&nbsp;<\/p>\n<div id=\"attachment_444\" style=\"width: 530px\" class=\"wp-caption alignleft\"><a href=\"http:\/\/bertolucci.lima-city.de\/wp-content\/uploads\/2013\/12\/PanoOttnang_Schiessplatz1.jpg\"><img aria-describedby=\"caption-attachment-444\" loading=\"lazy\" class=\"wp-image-444 size-large\" src=\"http:\/\/bertolucci.lima-city.de\/wp-content\/uploads\/2013\/12\/PanoOttnang_Schiessplatz1-1024x156.jpg\" alt=\"PanoOttnang_Schiessplatz1\" width=\"520\" height=\"79\" srcset=\"https:\/\/bertolucci-staging.lima-city.de\/wp-content\/uploads\/2013\/12\/PanoOttnang_Schiessplatz1-1024x156.jpg 1024w, https:\/\/bertolucci-staging.lima-city.de\/wp-content\/uploads\/2013\/12\/PanoOttnang_Schiessplatz1-300x46.jpg 300w\" sizes=\"(max-width: 520px) 100vw, 520px\" \/><\/a><p id=\"caption-attachment-444\" class=\"wp-caption-text\">Panorama vom Schie\u00dfplatz<\/p><\/div>\n<p>&nbsp;<\/p>\n<div id=\"attachment_447\" style=\"width: 530px\" class=\"wp-caption alignnone\"><a href=\"http:\/\/bertolucci.lima-city.de\/wp-content\/uploads\/2013\/12\/2012-04-19_Ottnang_014.jpg\"><img aria-describedby=\"caption-attachment-447\" loading=\"lazy\" class=\"wp-image-447 size-large\" src=\"http:\/\/bertolucci.lima-city.de\/wp-content\/uploads\/2013\/12\/2012-04-19_Ottnang_014-1024x188.jpg\" alt=\"2012-04-19_Ottnang_014\" width=\"520\" height=\"95\" srcset=\"https:\/\/bertolucci-staging.lima-city.de\/wp-content\/uploads\/2013\/12\/2012-04-19_Ottnang_014-1024x188.jpg 1024w, https:\/\/bertolucci-staging.lima-city.de\/wp-content\/uploads\/2013\/12\/2012-04-19_Ottnang_014-300x55.jpg 300w\" sizes=\"(max-width: 520px) 100vw, 520px\" \/><\/a><p id=\"caption-attachment-447\" class=\"wp-caption-text\">Panorama vom Fasanweg ins Tote Gebirge (Hohe Nock bis Vorderer Raucher,Ebensee)<\/p><\/div>\n<div id=\"attachment_466\" style=\"width: 794px\" class=\"wp-caption alignleft\"><a href=\"http:\/\/bertolucci.lima-city.de\/wp-content\/uploads\/2013\/12\/Pano1-Kopie.png\"><img aria-describedby=\"caption-attachment-466\" loading=\"lazy\" class=\"wp-image-466 size-full\" src=\"http:\/\/bertolucci.lima-city.de\/wp-content\/uploads\/2013\/12\/Pano1-Kopie.png\" alt=\"Pano1 Kopie\" width=\"784\" height=\"300\" srcset=\"https:\/\/bertolucci-staging.lima-city.de\/wp-content\/uploads\/2013\/12\/Pano1-Kopie.png 784w, https:\/\/bertolucci-staging.lima-city.de\/wp-content\/uploads\/2013\/12\/Pano1-Kopie-300x115.png 300w\" sizes=\"(max-width: 784px) 100vw, 784px\" \/><\/a><p id=\"caption-attachment-466\" class=\"wp-caption-text\">Am Originalbild werden mit einem Klick auf den Namen auch noch dessen H\u00f6he und Entfernung vom aktuellen Standort eingeblendet.<\/p><\/div>\n<p>&nbsp;<\/p>\n<p>&nbsp;<\/p>\n","protected":false},"excerpt":{"rendered":"<p>Das Wort &#8222;Panorama&#8220; kommt aus dem Griechischen und bedeutet soviel wie Rundblick oder Rundsicht. Um ein Pano zu erstellen und anschlie\u00dfend auszuarbeiten bedarf es einiger Vorarbeiten. Nat\u00fcrlich ein guter Platz, ein stabiles Stativ, eventuell ein Panoramakopf, Software und nat\u00fcrlich eine Kamera. Ich hatte immer das Problem alle diese vielen Berge nicht zu kennen ( au\u00dfer [&hellip;]<\/p>\n","protected":false},"author":1,"featured_media":0,"parent":141,"menu_order":0,"comment_status":"closed","ping_status":"closed","template":"page-fullwidth.php","meta":[],"_links":{"self":[{"href":"https:\/\/bertolucci-staging.lima-city.de\/index.php?rest_route=\/wp\/v2\/pages\/144"}],"collection":[{"href":"https:\/\/bertolucci-staging.lima-city.de\/index.php?rest_route=\/wp\/v2\/pages"}],"about":[{"href":"https:\/\/bertolucci-staging.lima-city.de\/index.php?rest_route=\/wp\/v2\/types\/page"}],"author":[{"embeddable":true,"href":"https:\/\/bertolucci-staging.lima-city.de\/index.php?rest_route=\/wp\/v2\/users\/1"}],"replies":[{"embeddable":true,"href":"https:\/\/bertolucci-staging.lima-city.de\/index.php?rest_route=%2Fwp%2Fv2%2Fcomments&post=144"}],"version-history":[{"count":61,"href":"https:\/\/bertolucci-staging.lima-city.de\/index.php?rest_route=\/wp\/v2\/pages\/144\/revisions"}],"predecessor-version":[{"id":761,"href":"https:\/\/bertolucci-staging.lima-city.de\/index.php?rest_route=\/wp\/v2\/pages\/144\/revisions\/761"}],"up":[{"embeddable":true,"href":"https:\/\/bertolucci-staging.lima-city.de\/index.php?rest_route=\/wp\/v2\/pages\/141"}],"wp:attachment":[{"href":"https:\/\/bertolucci-staging.lima-city.de\/index.php?rest_route=%2Fwp%2Fv2%2Fmedia&parent=144"}],"curies":[{"name":"wp","href":"https:\/\/api.w.org\/{rel}","templated":true}]}}